 3) in base 14?
2b
Convert -10 (base 10) to base 2.
-1010
Convert 12 (base 11) to base 13.
10
2 (base 8) to base 16
2
Convert 336 (base 7) to base 16.
ae
Convert -2301 (base 5) to base 14.
-194
Convert -4 (base 6) to base 2.
-100
16 (base 14) to base 4
110
What is 12 (base 14) in base 4?
100
What is -28 (base 12) in base 10?
-32
What is -1002 (base 4) in base 7?
-123
Convert 168 (base 10) to base 6.
440
-133 (base 6) to base 7
-111
2022 (base 5) to base 16
106
-14 (base 6) to base 16
-a
-2001 (base 3) to base 14
-3d
What is -2 (base 15) in base 3?
-2
Convert -11 (base 3) to base 9.
-4
Convert 40 (base 13) to base 8.
64
200 (base 6) to base 3
2200
What is -6 (base 12) in base 13?
-6
Convert -20 (base 3) to base 7.
-6
-2 (base 5) to base 3
-2
What is 10100101 (base 2) in base 10?
165
What is 196 (base 12) in base 4?
10002
-140 (base 14) to base 4
-3330
-1033 (base 7) to base 10
-367
What is 22 (base 6) in base 15?
e
-9 (base 13) to base 7
-12
What is -10 (base 10) in base 12?
-a
Convert 25 (base 8) to base 9.
23
What is -2110 (base 3) in base 16?
-42
What is 4b (base 12) in base 2?
111011
What is -2 (base 13) in base 11?
-2
Convert -141 (base 12) to base 11.
-166
1 (base 16) to base 3
1
-29 (base 11) to base 16
-1f
-2 (base 6) to base 5
-2
1 (base 8) to base 6
1
What is 5 (base 14) in base 5?
10
Convert 133 (base 6) to base 11.
52
-2 (base 14) to base 9
-2
19 (base 13) to base 7
31
104 (base 13) to base 16
ad
What is 1233 (base 4) in base 2?
1101111
1 (base 12) to base 9
1
What is -32 (base 8) in base 3?
-222
-50 (base 15) to base 6
-203
What is 0 (base 11) in base 9?
0
What is 4 (base 16) in base 6?
4
3 (base 15) to base 3
10
45 (base 16) to base 3
2120
16 (base 16) to base 14
18
4 (base 7) to base 12
4
Convert -1000110 (base 2) to base 13.
-55
Convert -ba (base 13) to base 8.
-231
-1344 (base 6) to base 12
-254
2122 (base 3) to base 15
4b
Convert -56 (base 7) to base 12.
-35
122 (base 9) to base 10
101
Convert 0 (base 15) to base 13.
0
Convert -73 (base 13) to base 15.
-64
Convert 2 (base 14) to base 3.
2
Convert 64 (base 7) to base 2.
101110
What is 0 (base 7) in base 9?
0
Convert -3 (base 9) to base 10.
-3
What is a (base 15) in base 6?
14
What is -12c (base 16) in base 11?
-253
Convert -1211 (base 3) to base 4.
-301
Convert 11 (base 7) to base 3.
22
Convert -2 (base 14) to base 15.
-2
What is -28 (base 11) in base 2?
-11110
8 (base 11) to base 12
8
Convert -100 (base 4) to base 10.
-16
Convert 35 (base 8) to base 9.
32
What is 102 (base 5) in base 9?
30
Convert 6 (base 13) to base 9.
6
23 (base 5) to base 9
14
Convert -6 (base 15) to base 6.
-10
What is 1 (base 4) in base 6?
1
What is 1001 (base 2) in base 6?
13
Convert 101101 (base 2) to base 16.
2d
Convert -120 (base 6) to base 8.
-60
Convert 1 (base 15) to base 7.
1
Convert 4 (base 6) to base 4.
10
Convert 132 (base 5) to base 7.
60
44 (base 5) to base 3
220
56 (base 8) to base 5
141
-44 (base 16) to base 7
-125
What is 48 (base 16) in base 6?
200
100100 (base 2) to base 15
26
What is -201 (base 3) in base 15?
-14
What is 32 (base 7) in base 12?
1b
What is -22 (base 13) in base 6?
-44
-4 (base 14) to base 2
-100
What is -2 (base 3) in base 4?
-2
0 (base 4) to base 16
0
What is -3 (base 6) in base 9?
-3
What is -39 (base 12) in base 7?
-63
Convert -180 (base 10) to base 11.
-154
Convert 24 (base 10) to base 16.
18
What is 2 (base 15) in base 2?
10
Convert 1200 (base 3) to base 9.
50
-121 (base 3) to base 9
-17
0 (base 6) to base 16
0
Convert -65 (base 9) to base 8.
-73
What is 1 (base 4) in base 6?
1
-10 (base 6) to base 16
-6
What is -42 (base 8) in base 7?
-46
Convert 4 (base 8) to base 2.
100
136 (base 7) to base 6
204
Convert -26 (base 8) to base 7.
-31
Convert 8 (base 11) to base 2.
1000
What is -7 (base 9) in base 13?
-7
What is 116 (base 10) in base 12?
98
-5 (base 10) to base 6
-5
-5 (base 6) to base 15
-5
Convert -54 (base 14) to base 9.
-82
0 (base 13) to base 8
0
Convert 0 (base 3) to base 4.
0
Convert -1110011 (base 2) to base 5.
-430
Convert -4 (base 7) to base 15.
-4
What is 141 (base 5) in base 3?
1201
-2 (base 14) to base 10
-2
75 (base 14) to base 15
6d
Convert 4 (base 15) to base 9.
4
Convert 101 (base 5) to base 6.
42
What is -160 (base 10) in base 5?
-1120
What is -3 (base 14) in base 13?
-3
Convert -150 (base 8) to base 16.
-68
0 (base 8) to base 16
0
Convert -317 (base 11) to base 14.
-1d3
Convert -55 (base 9) to base 15.
-35
What is 1111 (base 2) in base 4?
33
Convert -32 (base 14) to base 13.
-35
What is -300 (base 4) in base 9?
-53
12 (base 3) to base 11
5
-3 (base 16) to base 2
-11
Convert -1320 (base 4) to base 7.
-231
133 (base 4) to base 11
29
102 (base 3) to base 6
15
What is 3 (base 13) in base 5?
3
What is 0 (base 5) in base 12?
0
What is 1a (base 13) in base 10?
23
What is -3 (base 7) in base 4?
-3
0 (base 3) to base 15
0
Convert 5 (base 8) to base 12.
5
Convert 1011 (base 2) to base 7.
14
Convert -1 (base 4) to base 9.
-1
What is -12 (base 13) in base 10?
-15
Convert 150 (base 6) to base 13.
51
Convert 423 (base 8) to base 13.
182
Convert -2 (base 6) to base 14.
-2
What is 9 (base 11) in base 4?
21
-f (base 16) to base 15
-10
What is -3 (base 13) in base 5?
-3
What is 8 (base 15) in base 13?
8
What is 2122 (base 3) in base 11?
65
Convert 3 (base 10) to base 8.
3
What is 102 (base 3) in base 12?
b
Convert 27 (base 10) to base 15.
1c
What is 222 (base 6) in base 12?
72
Convert -155 (base 14) to base 13.
-17b
4 (base 16) to base 14
4
Convert 5 (base 15) to base 14.
5
-110001 (base 2) to base 14
-37
-100011000 (base 2) to base 10
-280
121 (base 4) to base 14
1b
-200 (base 4) to base 15
-22
Convert -25 (base 10) to base 4.
-121
202 (base 4) to base 10
34
Convert -3 (base 14) to base 11.
-3
Convert 70 (base 10) to base 12.
5a
What is 0 (base 16) in base 2?
0
Convert 2 (base 3) to base 5.
2
144 (base 8) to base 5
400
Convert 16 (base 14) to base 10.
20
Convert -1 (base 4) to base 14.
-1
What is -1 (base 16) in base 7?
-1
Convert 10010100 (base 2) to base 8.
224
Convert -61 (base 10) to base 14.
-45
What is -1 (base 8) in base 13?
-1
What is 0 (base 16) in base 14?
0
-266 (base 9) to base 16
-de
6 (base 12) to base 13
6
1d (base 14) to base 6
43
What is -60 (base 16) in base 8?
-140
-2 (base 13) to base 5
-2
What is 2b (base 12) in base 7?
50
Convert -20 (base 3) to base 2.
-110
What is -5 (base 13) in base 15?
-5
Convert 10 (base 2) to base 3.
2
30 (base 8) to base 10
24
What is -7 (base 9) in base 2?
-111
30 (base 12) to base 10
36
Convert 31 (base 5) to base 2.
10000
320 (base 4) to base 12
48
What is -1 (base 6) in base 9?
-1
-31 (base 6) to base 12
-17
-3 (base 5) to base 4
-3
Convert -3 (base 10) to base 15.
-3
What is -15 (base 11) in base 16?
-10
105 (base 6) to base 3
1112
Convert 72 (base 8) to base 13.
46
11100 (base 2) to base 15
1d
What is 3 (base 10) in base 8?
3
What is -16 (base 13) in base 9?
-21
What is -205 (base 6) in base 9?
-85
-24 (base 8) to base 3
-202
1 (base 11) to base 8
1
What is -10 (base 3) in base 9?
-3
11 (base 6) to base 15
7
242 (base 8) to base 13
c6
13 (base 7) to base 10
10
What is 600 (base 7) in base 15?
149
What is 0 (base 15) in base 14?
0
What is 0 (base 15) in base 3?
0
-1 (base 16) to base 3
-1
0 (base 9) to base 5
0
Convert 0 (base 15) to base 2.
0
Convert 113 (base 5) to base 7.
45
Convert -1 (base 7) to base 9.
-1
Convert 353 (base 11) to base 14.
221
102 (base 3) to base 7
14
Convert -20 (base 7) to base 2.
-1110
Convert 67 (base 8) to base 13.
43
-3 (base 5) to base 6
-3
What is -16 (base 11) in base 7?
-23
2c (base 16) to base 10
44
-1 (base 6) to base 2
-1
3 (base 14) to base 12
3
What is -2 (base 9) in base 6?
-2
What is c (base 15) in base 7?
15
What is -11 (base 4) in base 10?
-5
Convert -11011 (base 2) to base 14.
-1d
What is 14 (base 6) in base 13?
a
What is -305 (base 6) in base 11?
-a3
-31 (base 9) to base 7
-40
Convert 1 (base 14) to base 5.
1
21 (base 7) to base 2
1111
What is 1 (base 14) in base 3?
1
What is 10000100 (base 2) in base 6?
340
100 (base 5) to base 11
23
What is 44 (base 16) in base 15?
48
What is 2 (base 12) in base 15?
2
-3 (base 12) to base 14
-3
-b (base 14) to base 9
-12
7 (base 16) to base 2
111
1 (base 10) to base 6
1
11200 (base 3) to base 16
7e
-12 (base 15) to base 3
-122
-5